{"id":28,"date":"2021-07-16T02:29:14","date_gmt":"2021-07-16T02:29:14","guid":{"rendered":"http:\/\/terrenazo.com\/?page_id=28"},"modified":"2021-08-24T23:37:24","modified_gmt":"2021-08-24T23:37:24","slug":"quienes-somos","status":"publish","type":"page","link":"https:\/\/terrenazo.com\/index.php\/quienes-somos\/","title":{"rendered":"Quienes Somos"},"content":{"rendered":"\n<p>Terrenazo, somos la ruta que te lleva directo a encontrar la propiedad que estas buscando.<br>Somos un grupo de profesionales que le brindamos Asesor\u00eda inmobiliaria pensando en los problemas que surgen al momento de comprar o vender una propiedad.<\/p>\n\n\n\n<div class=\"wp-block-columns is-layout-flex wp-container-core-columns-is-layout-9d6595d7 wp-block-columns-is-layout-flex\">\n<div class=\"wp-block-column is-layout-flow wp-block-column-is-layout-flow\">\n<p><strong>MISI\u00d3N<\/strong><\/p>\n\n\n\n<p>Conocer y atender a todos nuestros clientes de manera personalizada y exclusiva en la Compra-Venta de inmuebles; brind\u00e1ndole Seguridad y confidencialidad de nuestros servicios, a trav\u00e9s de nuestros excelentes profesionales.<\/p>\n<\/div>\n\n\n\n<div class=\"wp-block-column is-layout-flow wp-block-column-is-layout-flow\">\n<figure class=\"wp-block-gallery columns-1 is-cropped wp-block-gallery-1 is-layout-flex wp-block-gallery-is-layout-flex\"><ul class=\"blocks-gallery-grid\"><li class=\"blocks-gallery-item\"><figure><img loading=\"lazy\" decoding=\"async\" width=\"1024\" height=\"554\" src=\"http:\/\/terrenazo.com\/wp-content\/uploads\/2021\/08\/Mision-empresarial-1024x554-1.jpg\" alt=\"\" data-id=\"312\" data-full-url=\"http:\/\/terrenazo.com\/wp-content\/uploads\/2021\/08\/Mision-empresarial-1024x554-1.jpg\" data-link=\"http:\/\/terrenazo.com\/index.php\/quienes-somos\/mision-empresarial-1024x554-1\/\" class=\"wp-image-312\" srcset=\"https:\/\/terrenazo.com\/wp-content\/uploads\/2021\/08\/Mision-empresarial-1024x554-1.jpg 1024w, https:\/\/terrenazo.com\/wp-content\/uploads\/2021\/08\/Mision-empresarial-1024x554-1-300x162.jpg 300w, https:\/\/terrenazo.com\/wp-content\/uploads\/2021\/08\/Mision-empresarial-1024x554-1-768x416.jpg 768w\" sizes=\"auto, (max-width: 1024px) 100vw, 1024px\" \/><\/figure><\/li><\/ul><\/figure>\n<\/div>\n<\/div>\n\n\n\n<div class=\"wp-block-columns is-layout-flex wp-container-core-columns-is-layout-9d6595d7 wp-block-columns-is-layout-flex\">\n<div class=\"wp-block-column is-layout-flow wp-block-column-is-layout-flow\">\n<p><strong>VISI\u00d3N<\/strong><\/p>\n\n\n\n<p>Ser l\u00edderes en Servicios Inmobiliarios en el Norte del Pa\u00eds, atendiendo a personas naturales y jur\u00eddicas, aplicando estrategias innovadoras para el crecimiento de nuestros clientes.<\/p>\n<\/div>\n\n\n\n<div class=\"wp-block-column is-layout-flow wp-block-column-is-layout-flow\">\n<figure class=\"wp-block-gallery columns-1 is-cropped wp-block-gallery-2 is-layout-flex wp-block-gallery-is-layout-flex\"><ul class=\"blocks-gallery-grid\"><li class=\"blocks-gallery-item\"><figure><img loading=\"lazy\" decoding=\"async\" width=\"645\" height=\"430\" src=\"http:\/\/terrenazo.com\/wp-content\/uploads\/2021\/08\/vision.jpg\" alt=\"\" data-id=\"313\" data-full-url=\"http:\/\/terrenazo.com\/wp-content\/uploads\/2021\/08\/vision.jpg\" data-link=\"http:\/\/terrenazo.com\/index.php\/quienes-somos\/person-analyzing-financial-dashboard-with-kpi-and-business-district-background\/\" class=\"wp-image-313\" srcset=\"https:\/\/terrenazo.com\/wp-content\/uploads\/2021\/08\/vision.jpg 645w, https:\/\/terrenazo.com\/wp-content\/uploads\/2021\/08\/vision-300x200.jpg 300w\" sizes=\"auto, (max-width: 645px) 100vw, 645px\" \/><\/figure><\/li><\/ul><\/figure>\n<\/div>\n<\/div>\n\n\n\n<p><\/p>\n","protected":false},"excerpt":{"rendered":"<p>Terrenazo, somos la ruta que te lleva directo a encontrar la propiedad que estas buscando.Somos un grupo de profesionales que le brindamos Asesor\u00eda inmobiliaria pensando en los problemas que surgen al momento de comprar o vender una propiedad. MISI\u00d3N Conocer y atender a todos nuestros clientes de manera personalizada y exclusiva en la Compra-Venta de [&hellip;]<\/p>\n","protected":false},"author":1,"featured_media":0,"parent":0,"menu_order":0,"comment_status":"closed","ping_status":"closed","template":"","meta":{"_monsterinsights_skip_tracking":false,"_monsterinsights_sitenote_active":false,"_monsterinsights_sitenote_note":"","_monsterinsights_sitenote_category":0,"ngg_post_thumbnail":0,"two_page_speed":[],"footnotes":""},"class_list":["post-28","page","type-page","status-publish","hentry"],"aioseo_notices":[],"_links":{"self":[{"href":"https:\/\/terrenazo.com\/index.php\/wp-json\/wp\/v2\/pages\/28","targetHints":{"allow":["GET"]}}],"collection":[{"href":"https:\/\/terrenazo.com\/index.php\/wp-json\/wp\/v2\/pages"}],"about":[{"href":"https:\/\/terrenazo.com\/index.php\/wp-json\/wp\/v2\/types\/page"}],"author":[{"embeddable":true,"href":"https:\/\/terrenazo.com\/index.php\/wp-json\/wp\/v2\/users\/1"}],"replies":[{"embeddable":true,"href":"https:\/\/terrenazo.com\/index.php\/wp-json\/wp\/v2\/comments?post=28"}],"version-history":[{"count":5,"href":"https:\/\/terrenazo.com\/index.php\/wp-json\/wp\/v2\/pages\/28\/revisions"}],"predecessor-version":[{"id":342,"href":"https:\/\/terrenazo.com\/index.php\/wp-json\/wp\/v2\/pages\/28\/revisions\/342"}],"wp:attachment":[{"href":"https:\/\/terrenazo.com\/index.php\/wp-json\/wp\/v2\/media?parent=28"}],"curies":[{"name":"wp","href":"https:\/\/api.w.org\/{rel}","templated":true}]}}